22 = 4*r. Calculate the remainder when r is divided by 10.
9
Suppose 0 = -4*g + 2*g + 44. Calculate the remainder when 87 is divided by g.
21
Suppose 76 = -q + 5*q. What is the remainder when 35 is divided by q?
16
Let s = 76 + -38. Calculate the remainder when s is divided by 13.
12
Let g(r) = -3*r - 15. Calculate the remainder when 15 is divided by g(-7).
3
Let g be 2/(-6) - 158/(-6). Suppose -2*x + 5*i = -33, 3*i + g = 3*x - 1. Suppose x*w = -12, -m + 0*m - 3*w = 6. Calculate the remainder when m is divided by 2.
1
Let c = 42 + -24. Calculate the remainder when 34 is divided by c.
16
Let f = 5 - -5. What is the remainder when f is divided by 3?
1
Suppose 3*l - 6 = 3. Let k(o) = 39*o**2 - 3*o. Let n be k(2). What is the remainder when (n/8)/(l/8) is divided by 17?
16
Let z(y) = 3*y**3 - 4*y**2 - 6*y + 5. Let q be z(4). Suppose -4*w = -q - 115. What is the remainder when w is divided by 19?
18
Let p = -5 + 7. Let c(z) = z + 1 - 1 - p. What is the remainder when c(7) is divided by 2?
1
Let m = -122 + 182. Calculate the remainder when m is divided by 31.
29
Let w(j) = j**3 - 8*j**2 + 9*j + 10. Let q be w(7). Suppose 12 = 6*b - q. What is the remainder when b is divided by 2?
0
Let l = 98 + -32. What is the remainder when l is divided by 23?
20
Let d(h) be the first derivative of 5*h**2/2 - h - 1. Let s be (2/(-4))/(1/(-2)). Calculate the remainder when d(s) is divided by 2.
0
Let r be ((-168)/(-30))/((-6)/(-15)). Suppose -4*s + r = 5*a - 83, 5*s = a + 85. Calculate the remainder when 35 is divided by s.
17
Suppose 11*g - 5*g - 102 = 0. What is the remainder when 83 is divided by g?
15
Let a(l) = 16*l + 4. Let g be a(7). Calculate the remainder when (g/5)/(10/25) is divided by 20.
18
Let u = 28 - 25. Suppose -u*a + 5 = -1. What is the remainder when a is divided by 1?
0
What is the remainder when (1 - -11)*(-25)/(-20) is divided by 9?
6
Suppose 0*x + 54 = x. Calculate the remainder when x is divided by 19.
16
Let f be 1/2*(2 + 132). Suppose 4 = 5*p + 3*z - 4, -2*z = 8. Suppose -4*i + f = -3*r + 7, p*i - 2*r = 60. What is the remainder when 44 is divided by i?
14
Suppose 5*z = 55 + 5. Let a be (z/(-15))/((-2)/10). Suppose 4*y - 51 = -a*l + 3*l, 2*y - 43 = 3*l. What is the remainder when y is divided by 5?
4
Let p(l) = l**2 + 2*l - 5. Let o be p(-5). Let h be ((-8)/o)/(2/(-35)). What is the remainder when 12 is divided by (9/6)/(3/h)?
5
Let h be (-3)/(-4 - -1)*2. Suppose p - h + 1 = -3*w, 0 = p - 5*w - 41. Calculate the remainder when 47 is divided by p.
15
Suppose -g = -19 + 4. Let n(s) = -2*s**3 + 3*s**2 - 5*s - 4. Let c be n(-3). Let p = c + -48. What is the remainder when p is divided by g?
14
Suppose -3*d + 4*d - 2 = 0. Let f = -89 - -91. What is the remainder when d is divided by f?
0
Suppose 3*k + 0*y + 2*y - 14 = 0, 0 = 5*k - 3*y + 2. What is the remainder when 9 is divided by k?
1
Let i = -4 - -3. Let c = 0 - i. Suppose y = c + 20. What is the remainder when 61 is divided by y?
19
Let l(v) = -v**3 - 7*v**2 + 43. What is the remainder when 23 is divided by l(-6)?
2
Suppose -11*v - 620 = -15*v. Calculate the remainder when v is divided by 52.
51
Let y(s) be the first derivative of -s**2 - 3*s - 2. What is the remainder when 19 is divided by y(-5)?
5
Suppose -u - 3*r = -7, 6*r + 11 = 4*u + r. What is the remainder when 1*(0 + (-14)/(-2)) is divided by u?
3
Calculate the remainder when 34 is divided by (6 - 4)*(-9)/(-2).
7
Suppose 5 = k + 3. Suppose -q = k*s - 58, 5*q = 2*q + 6. Calculate the remainder when s is divided by 15.
13
Let v(a) = -5*a + 1. Suppose h + 11 = 2*h. Calculate the remainder when v(-6) is divided by h.
9
Suppose y + 5*z = -9, -2*y + z = -4*y. Let v be y/(-3) + (-10)/(-3). Calculate the remainder when 11 is divided by v/(3/4) + 0.
3
Suppose -5*y = 5*x, -2*x - 6 = 2*x + 2*y. Suppose -2*n - 45 = -3*n. Calculate the remainder when n is divided by ((5 - 3) + x)*-23.
22
Let n = 3 - -6. Suppose 5*g - 278 - 37 = 0. Calculate the remainder when n is divided by (-2)/8 - g/(-12).
4
Let d(f) = 0*f + 2 + 0*f + f + 16*f. Calculate the remainder when d(3) is divided by 18.
17
What is the remainder when ((-6)/4)/(9/(-384)) is divided by 22?
20
Let d(j) = j**3 + 8*j**2 + 8*j. Suppose -h - 70 = -5*g, -4*g - 2*h = g - 55. What is the remainder when d(-6) is divided by g?
11
Suppose -107 = 8*i - 9*i. What is the remainder when i is divided by 22?
19
Suppose -p = 4, -2*r = 2*p - 38 + 6. Suppose -r = -2*f - 0*f. Let q = 1 - -18. Calculate the remainder when q is divided by f.
9
Let p(s) = 2*s**2 + s - 3. Calculate the remainder when 47 is divided by p(2).
5
Let c = -33 + 56. What is the remainder when c is divided by 12?
11
Let i(q) = -q + 14. Let o be i(11). Calculate the remainder when -1 + (o - 7 - -105) is divided by 34.
32
Suppose -98 + 8 = -5*v. Suppose -2*g + 0*g = -74. Calculate the remainder when (-2 - 0) + g/1 is divided by v.
17
Let r(d) = -d**2 + 9*d - 8. Let a be r(8). Suppose 8*k - 7*k - 2 = a. Calculate the remainder when 7 is divided by k.
1
Let t(y) = -y**2 - 3*y - 1. Let k be t(-5). Let q = 18 + k. What is the remainder when 19 is divided by q?
5
Suppose -312 = 8*q - 14*q. What is the remainder when q is divided by 18?
16
Suppose -3*h - 90 = 2*h. What is the remainder when 35 is divided by (h/(-10))/((-1)/(-5))?
8
Let n be (-2 - -1) + (1 - -106). Suppose -4*k - n = -294. Calculate the remainder when k is divided by 16.
15
Let i(j) = -j + 2*j - j - 6*j + 5. What is the remainder when 66 is divided by i(-3)?
20
Let o(d) = d**3 - d**2 - 2*d + 3. Let z be o(0). Suppose z*j - 41 = 34. Calculate the remainder when 98 is divided by j.
23
Suppose 207 = 5*q + 62. Let n(y) = -y**2 - 7*y. Calculate the remainder when q is divided by n(-5).
9
Let s(k) = -k**2 - 9*k - 2. What is the remainder when 34 is divided by s(-7)?
10
Let n(j) = j**2 + 2*j - 3. Suppose -3*z - 22 = -2*g, 3*z - 4*g + 14 = -0. What is the remainder when (48/20)/((-2)/z) is divided by n(-4)?
2
Let s = -9 + 11. Let k(z) = -z + 1. Let h be k(0). Suppose -3*f + 2 = -h. Calculate the remainder when s is divided by f.
0
Let t be (-4)/(-6) - 2/3. Suppose -y + f + 14 = t, f = y + 5*f + 11. What is the remainder when y is divided by 3?
0
Suppose -3*q + 64 - 16 = 0. Calculate the remainder when 2*(-30)/q*-8 is divided by 16.
14
Suppose 9*p = 175 + 275. What is the remainder when 145 is divided by p?
45
Suppose 0*b = 5*b. Let m = b + 5. Calculate the remainder when m is divided by 3.
2
Let d = 78 + -54. Calculate the remainder when 47 is divided by d.
23
Let p(x) be the third derivative of x**5/60 + 5*x**4/24 - x**3/2 - 5*x**2. What is the remainder when 81 is divided by p(-8)?
18
Let w = -35 - -53. Calculate the remainder when 69 is divided by w.
15
Suppose 0 = 3*y + 5*k - 11, -4*k + 13 = 5*y - k. Suppose -2*x + 7 = w, 3*w = -x - 2 + 13. What is the remainder when x is divided by y?
0
Let r(n) be the first derivative of -5*n**2/2 - 2*n + 4. What is the remainder when 36 is divided by r(-3)?
10
Let u = 46 + -38. What is the remainder when u is divided by 4?
0
Let d be (1 - 4)*(-2 - -5). Calculate the remainder when 8 is divided by d/6 - (-39)/6.
3
Let f = -6 - -12. Suppose -f*s + 4*t + 18 = -3*s, -t = -2*s + 17. Calculate the remainder when 6*2/12*28 is divided by s.
8
Let p(q) = -q**2 - 2*q - 8. Let s be p(0). Let f = s + 19. Let o(g) = -9*g - 3. What is the remainder when o(-5) is divided by f?
9
Suppose -112 = -5*p + 53. Calculate the remainder when p is divided by 12.
9
Suppose 0 = q - 2*q + 25. What is the remainder when 73 is divided by q?
23
Let i be (2/(-4))/(6/(-48)). Let l = i + -2. Suppose -5*n - 20 + 56 = l*m, 0 = m - 4*n - 5. What is the remainder when 38 is divided by m?
12
Let h(z) = 3*z**3 - z**2. Let j be h(1). Suppose 4 = d - j. Calculate the remainder when 23 is divided by d.
5
Suppose -3*a + 176 = 5*w, 3*a + 8 + 186 = 5*w. What is the remainder when w is divided by 19?
18
Suppose -6*v + 5*v - 3*s = -24, 0 = -5*v + 4*s + 101. Calculate the remainder when 40 is divided by v.
19
Suppose 0 = 6*b - b + 10. Suppose i - 3 = -0*i. Calculate the remainder when 6 - (0 + b)/(-2) is divided by i.
2
Let r = 51 + -27. What is the remainder when 237 is divided by r?
21
Let t = -12 + 143. What is the remainder when t is divided by 19?
17
Suppose 6 = 5*p - 4, 65 = 5*q + 5